t s be (-5)/(-10)*-14*2. Calculate the remainder when 110 is divided by (s/(-21))/((-186)/63 - -3).
12
Let y(l) = -l + 0*l**2 + 5*l**2 + 6*l**2. What is the remainder when y(-2) is divided by (-7 - 1)/(128/(-96))*(-4)/(-2)?
10
Let d = 83 + -38. Let b be 52/3*(-3)/(-2). Let a = 38 - b. What is the remainder when d is divided by a?
9
Let w(c) = 4*c**2 - 21. What is the remainder when 487 is divided by w(-6)?
118
Let l(n) = -n**2 + 9*n + 7. Calculate the remainder when 71 is divided by l(6).
21
Suppose 44*m - 35*m = 1062. What is the remainder when m is divided by 50?
18
Let l = -75 - -35. Let k = l - -61. Calculate the remainder when k is divided by 11.
10
Let x be ((-3)/(-4))/((-5)/(-40)). Suppose d + x = 3*d. Suppose 6*g = d*g + 63. What is the remainder when g is divided by 11?
10
Let r be 5/((-10)/(-48))*1. Let x = 37 - r. What is the remainder when ((-148)/(-16))/((-85)/(-20) - 4) is divided by x?
11
Suppose -5*q = -10*q - 110. Let a = q + 30. What is the remainder when 38 is divided by a?
6
Suppose -5*k = 10*k - 180. Suppose 102 - 30 = k*z. Calculate the remainder when 9 is divided by z.
3
Let d = -2 + 0. Let j(o) = -3*o**3 + o**2 - 2*o - 2. Suppose -137*z + 136*z = -17. What is the remainder when j(d) is divided by z?
13
Let k be (-306)/(-42) + (-2)/7. Suppose 0 = -4*d - k + 3. What is the remainder when 13 is divided by 0*(-2 - d) + 4?
1
Suppose 4*t + 0*s - 112 = -s, -65 = -3*t + 4*s. What is the remainder when t is divided by 17?
10
Suppose 81*q - 4766 - 2605 = 0. Calculate the remainder when 177 is divided by q.
86
Suppose 1 = 4*o - 51. Suppose m + f = -2*m + 19, 3*m = -4*f + o. What is the remainder when m is divided by 3?
1
Let l = -2970 + 3000. Suppose 0 = -p + 32 + 54. What is the remainder when p is divided by l?
26
Let r = 345 + -70. Calculate the remainder when r is divided by 22.
11
Suppose 5*y - 4 = 16. Suppose -59*d - 43 = -928. Calculate the remainder when d is divided by y.
3
Suppose -d + 1586 = 581. What is the remainder when d is divided by 8?
5
Suppose -5*i + 10 = -0, 0 = -2*x + 4*i + 10. Let g be 6/(-4)*20/(-6). Suppose 114 = g*r + 39. Calculate the remainder when r is divided by x.
6
Suppose 0 = -5*z + 24 + 66. Calculate the remainder when z is divided by 10.
8
Let x(n) = -2*n**3 - 12*n**2 - 3*n + 10. Let i be x(-8). Suppose -8*d = -3*d - i. Suppose p = d + 64. Calculate the remainder when p is divided by 31.
29
Let w(h) = 2*h**3 - 47*h**2 - 19*h - 79. What is the remainder when w(24) is divided by 4?
1
Suppose 162 = 3*f - 207. Let b(u) = -5*u - 5. Let q(z) = -21*z - 21. Let x(r) = 9*b(r) - 2*q(r). What is the remainder when f is divided by x(-8)?
18
Suppose -2*o - 4 = -68. Suppose 0 = 6*h - 8*h - u + 32, -4*u = -4*h + 76. Calculate the remainder when o is divided by h.
15
Let l(t) = -t**3 + 21*t**2 + 25*t - 60. Let c(z) = -z**2 + 19*z - 26. Let g be c(16). Calculate the remainder when 12 is divided by l(g).
0
Let w be 88/(-2) + -2 + 0 + 2. Let o = w + 65. Calculate the remainder when o is divided by 6.
3
Let t(j) = -j**3 + 6*j**2 - 3*j + 9. Suppose v + 8*y = 3*y + 65, 0 = 5*v - 4*y - 267. What is the remainder when v is divided by t(5)?
17
Let a = -23 - -21. What is the remainder when 61 is divided by 16/(a + -2)*-8?
29
Let v be 0/(-2 - (0 - 1)). Suppose 18 = 3*l - v*l. Suppose -m = d - l*d + 13, -3*m + 56 = 4*d. What is the remainder when m is divided by 7?
5
Suppose -l - 27 = -3*z, -l + 33 = -z + 4*z. Let v(w) = -2*w - 9. Let q be v(-6). Suppose 2*t = 3 + q. Calculate the remainder when z is divided by t.
1
Suppose 73 = 3*l + 1. Let j = -1 + l. What is the remainder when j is divided by 12?
11
Suppose 696*a - 719*a = -414. Calculate the remainder when 137 is divided by a.
11
Let s = 142 + -49. Calculate the remainder when s is divided by 51.
42
Suppose -2*h = 3*c - 5*h - 3, 0 = c + 2*h - 10. What is the remainder when 8*(-4)/(48/(-18)) is divided by c?
0
Suppose 4*x + 4*a - 16 = 0, 5*x - 2*a - 38 = 2*a. Let m(k) = -4*k**2 - 13*k - 2. Calculate the remainder when m(-2) is divided by x.
2
Suppose -21*r = -14*r - 119. What is the remainder when 38 is divided by r?
4
Suppose -r - 2*v = -419, -3*r = 4*v - 838 - 413. What is the remainder when r is divided by 52?
49
Suppose -5*z = 4*a, -2*z = -3*a - 17 - 6. Suppose z*y - 44 = -0*y. What is the remainder when y is divided by 3?
2
Let j(l) = l**3 + 7*l**2 - 2*l + 6. Calculate the remainder when j(-7) is divided by 2.
0
Suppose 0*b + 2*b - 2*q - 40 = 0, -14 = -b - q. Suppose a + f = b, -3*a + 30 + 13 = -f. Suppose -2*k + 43 = -67. What is the remainder when k is divided by a?
10
Suppose 0 = h + 8 - 3. Let q = -2 - h. Suppose 17 - q = t. Calculate the remainder when 38 is divided by t.
10
Let x(s) = -5*s + 23. Let k be x(8). Let h = k + 27. Calculate the remainder when 47 is divided by h.
7
Suppose -70 = -0*z - 2*z. Let w = 200 + -187. Calculate the remainder when z is divided by w.
9
Let x(k) = -k + 7. Let g be x(10). What is the remainder when (g + -25)*((-7)/4 - -1) is divided by (-3 - -2)/((-1)/11)?
10
Let a(u) = u**2 + u + 36. Let r(p) = -p**2 - 8*p - 15. Let s be r(-5). Calculate the remainder when 107 is divided by a(s).
35
Suppose -2*k + 13 = -0*l - 3*l, -3*k = -3*l - 18. Let w(i) = 2*i**2 - 4*i - 5. What is the remainder when w(k) is divided by 2 - (4 + -1 - 8)?
4
Let z(p) = 2*p**2 + 5*p + 5. Suppose 0 = 4*n + 3*s - 33, 24 = 8*n - 5*n + 3*s. Calculate the remainder when z(-4) is divided by n.
8
Calculate the remainder when -10 + 159 - (-65)/(-13) is divided by 53.
38
Suppose 8*l - 9*l - 17 = 0. What is the remainder when 4/(-6) - 166/(-6) is divided by (3 + l/5)*-35?
13
Suppose -5 - 7 = -2*m. Suppose m*j - 290 = -4*j. What is the remainder when 108 is divided by j?
21
Let s(q) = 30*q - 281. Calculate the remainder when s(31) is divided by 213.
10
Suppose 0 = -21*p - 17*p + 912. Calculate the remainder when p is divided by 14.
10
Let r = -110 - -46. Let o = r - -96. What is the remainder when o is divided by 9?
5
What is the remainder when 6 is divided by (-1)/(-3) + 11/((-759)/(-184))?
0
Let w = 662 - 447. What is the remainder when w is divided by 55?
50
Let k be 0 + (10073 - (4 - 5)). Let i be k/45 - 2/(-15). Suppose 5*t - 2*z - 257 - i = 0, z = 5*t - 478. Calculate the remainder when t is divided by 32.
31
Suppose 0 = 3*l - y - 10, 1 = -5*y - 4. Suppose 9*j - 282 = l*j. Let m(u) = 16*u. What is the remainder when j is divided by m(1)?
15
Let n = -16 - -46. Suppose -6*j + 60 = -n. Calculate the remainder when j is divided by 8.
7
Let o be -2*2*(-5)/5. What is the remainder when 152 is divided by (-1)/(89/(-22) + o)?
20
Let d = -9 + 17. What is the remainder when -136*(-2)/6 + d/12 is divided by 16?
14
Suppose 0 = 2*q + 2*q - 104. Suppose 11*j - 89 - 76 = 0. What is the remainder when q is divided by j?
11
Let s(z) = z**3 + 6*z**2 - 7*z - 42. What is the remainder when 696 is divided by s(-4)?
12
Suppose -4*a - 5*g + 36 = 0, 25 - 9 = a + 3*g. Suppose 61 = -a*c + 17. What is the remainder when 18 is divided by -3*1 + c + 18?
2
Let b(r) = 78*r - 6. Let w be b(-4). What is the remainder when 7 is divided by (-4)/7 + w/(-42)?
0
Let h = -491 + 788. Calculate the remainder when h is divided by 101.
95
Suppose 14*n - 2181 = 1557. What is the remainder when n is divided by 13?
7
Let t(x) = -x**2 - 5*x - 9. Let i be t(-6). What is the remainder when (-145)/i*(1 + 2) is divided by -3*1*(-48)/9?
13
Suppose -103 + 19 = -4*w. Let l = -15 + w. Suppose -186 = 4*s - l*s. Calculate the remainder when s is divided by 24.
21
Suppose 2*v - 7 = 3. Let n(t) = t**3 - 2*t**2 - 5*t + 9. Let j = -18 + 30. What is the remainder when n(v) is divided by j?
11
Let b(z) = -z**3 - 10*z**2 + z + 1. Let r = -33 - -23. Let g be b(r). Calculate the remainder when 42/g*(-21)/2 is divided by 13.
10
Suppose 0 = -29*g + 39*g - 70. Calculate the remainder when 11/(((-6)/(-8))/3) is divided by g.
2
What is the remainder when 44 is divided by 6/(-4) - ((-5467)/14)/11?
10
Let u = 1228 - 1190. Calculate the remainder when 415 is divided by u.
35
Suppose 14 = -5*g + 59. What is the remainder when 80 is divided by g?
8
Let t(s) = 5*s - 6 - 17*s + 16*s. What is the remainder when t(4) is divided by 9?
1
Suppose 3*d = -3*d. Let w(r) = -r**3 + r**2 + 5. Calculate the remainder when 5 is divided by w(d).
0
Let 